2 - 16*o + 14. Let j be ((-4)/5 - 4/20) + 15. Let s be l(j). Suppose -4*c - 2106 = -2*w, -w + 3*c = -677 - s. Is w composite?
False
Suppose 2045256 + 672977 - 160089 = 64*h. Is h a prime number?
True
Let q be 1072/(-12)*(0 + (-1 - 2)). Let w = q + -64. Let z = -70 + w. Is z a prime number?
False
Let j = -17 - -22. Suppose 2*r = 3*q - 1264, -q - 1683 = -5*q + j*r. Let t = q + -103. Is t a composite number?
True
Let m(j) = -3 + 2 + 2*j**2 - 2*j - 10*j - 3*j. Let s be m(8). Let l(p) = p**3 + 6*p**2 - 7*p - 1. Is l(s) composite?
False
Is ((-226326)/(-24) - 1)*24/6 prime?
True
Suppose 9*j + 2*j - 990 = 0. Suppose 2*q - 1022 = -4*u, q + j = -5*u + 610. Is q a composite number?
True
Let f be 4409 + (-60)/35*7/2. Let x(j) = 2*j**3 + 11*j**2 + 6*j + 2. Let n be x(-12). Let q = n + f. Is q a prime number?
False
Let k(r) = 1519*r**2 + 44*r - 50. Is k(-9) a composite number?
True
Let n be (-1 + 1*-16)/(124/(-298468)). Suppose 0 = -4*r + 3*c + 42810 - 1889, 4*r - n = 5*c. Is r composite?
True
Suppose 5*j - 5*l + 454928 - 1674928 = 0, -3*j = 3*l - 732018. Is j prime?
True
Suppose 204*h - 207*h = -69. Suppose -308 = -w + 5*v, h = 2*v + 27. Is w composite?
True
Let v be (-10)/(-2)*2/(-5). Let x(h) = 1 - 4*h - 4*h - 17*h - 3*h. Is x(v) a composite number?
True
Let l = -433 + 437. Suppose -l*r + 5*d = -6699, -6*r - 3*d - 8364 = -11*r. Is r a composite number?
True
Suppose 3*a - 401287 = 5*t, 3*a + 3*t + 40287 - 441606 = 0. Is a a prime number?
True
Is (35/35)/(1/323573) prime?
False
Let c(y) = 1529*y**2 + 25*y - 12. Let l be c(-5). Suppose -33*m = l - 200811. Is m a prime number?
True
Is (-66)/627 + (-10499940)/(-76) composite?
False
Suppose 3*l - 21316 = -s, 252*s - 255*s = -4*l - 63935. Is s composite?
False
Let k be (-6)/((-36)/(-3)) - 7/(-2). Suppose k*u + 0*u + 31 = 4*a, -6 = a + 2*u. Suppose 0 = -3*y + a*f + 154, -3*f + 80 = 2*y - 0*f. Is y prime?
False
Let t(m) = -40*m - 3*m**2 + 7 - 111*m**3 - 2 - 11*m**2 - 2*m - 335*m**3. Is t(-3) a composite number?
True
Suppose -5*g = -3*u - 45670, -4*g - 39*u = -44*u - 36536. Is g prime?
False
Suppose 3*z - 14 = 3*n + 13, 2*z = -n + 3. Suppose -326 - 2502 = -z*r. Is r prime?
False
Let c(o) = 1516*o - 160. Let p be c(7). Let b = -1279 + p. Is b a composite number?
False
Let r(s) = -s**3 + 11*s**2 + s - 8. Let b be r(11). Suppose 0 = -5*p - 20, -b*v + 5*p + 41343 = 2*p. Is v composite?
True
Suppose -3*w - 249 = -204. Is 392/40 + -9 - 19143/w a composite number?
False
Is (-40)/(-24)*(-14 + 13) + (-1785616)/(-6) a prime number?
True
Suppose 5*y - 1906 = -4*i, -4*y + 7 + 1 = 0. Let d = -331 + i. Is d a composite number?
True
Let a = 2843 + -5667. Let p = 1959 - a. Is p composite?
False
Let f(o) = 191*o**2 - 64*o - 796. Is f(-19) prime?
True
Let v(z) = -11*z**3 + 77*z**2 + 83*z + 578. Is v(-53) composite?
False
Is 53986 + ((-4)/3)/(252/(-189)) composite?
False
Let y(a) = -2*a**3 + 143*a**2 - 46*a - 261. Is y(68) a composite number?
False
Suppose 266*k + 769946 = 271*k - 3*c, 3*k + 5*c - 461988 = 0. Is k composite?
False
Suppose -653465 = -11*q + 2950652. Is q composite?
False
Let s(j) = -11*j + 3 + 0 - 27 - j**2 + 0. Let p be s(-6). Suppose -p*u = -5*u - 6. Is u composite?
True
Suppose 4*s - 800665 = -3*n, 856*s = -n + 852*s + 266883. Is n composite?
False
Let h(t) = t**3 + 83*t**2 - 202*t - 207. Is h(-67) prime?
False
Let k(u) be the third derivative of -21*u**2 + 3/20*u**5 + 1/12*u**4 + 0*u + 0 + 2*u**3. Is k(19) composite?
False
Suppose -j + 17 = 3*d, 4*d + 45 = 4*j - 7. Suppose -9*p + j + 13 = 0. Suppose -p*x + 4*t = -4193, -2*x + 8*t + 2793 = 3*t. Is x a prime number?
True
Let c(u) = 0 + 379*u - 1 + 575*u. Is c(1) composite?
False
Let f = 80 - 79. Suppose 0 = 4*j - 4*v, -2*v = -f - 9. Suppose -10 = 2*z, -4*z = -j*q + 411 + 11274. Is q prime?
True
Let l(i) = 6*i - 27*i + 316*i**2 + 2*i - 136 - 10*i. Is l(-7) a composite number?
False
Suppose 0 = 2*p + 2 + 16. Let y(d) = -132*d + 37. Let c be y(p). Is (-12)/(-24) + c/2 composite?
False
Let t = -39 - -55. Let y = 15 - t. Let w(a) = 2098*a**2 + 2*a + 3. Is w(y) prime?
True
Let x = -883 + 589. Let m(r) = 23*r**2 - 7*r - 3. Let p be m(6). Let a = p + x. Is a a composite number?
True
Is (-20)/(-40) - (-18009)/2 a composite number?
True
Suppose 0*m - 5 = -m. Suppose 26*y = 14340 + 893210 + 401706. Suppose -4*a + 8037 + y = 5*o, -m*o + 3*a = -58379. Is o a composite number?
False
Suppose 0 = 2*f - w - 41193, 4*f + w - 33895 - 48470 = 0. Is f a prime number?
True
Suppose -17*p + 7 = 2*k - 14*p, 3*k - p - 16 = 0. Suppose -k*u - 2*s + 35189 = 0, -33*u + 32*u = 4*s - 7045. Is u a prime number?
False
Suppose -223320 + 962915 = 3*m + 2*l, 0 = -4*m + l + 986145. Is m a prime number?
False
Suppose 16 = 6*q - 20. Let b(z) = q*z + 25*z + 19 - 2*z + z. Is b(6) a prime number?
True
Suppose 4*z - 334735 = -3*r, -8*z - 3*r + 251049 = -5*z. Is z composite?
True
Let t be (5 - (-4628)/6)/(1/6). Let n = t - 2451. Is n prime?
True
Suppose 24*y - 3*y = -38*y - 74281. Let z be ((-2)/2)/1 + -573. Let q = z - y. Is q a composite number?
True
Suppose 63*x - 246*x + 285368798 = 103*x. Is x a prime number?
True
Let h = 26207 - -715. Suppose 0 = -i + 35697 + h. Is i composite?
True
Let i = 3996 + -2237. Is i a prime number?
True
Suppose -35 = -n - 27. Is ((-10012)/(-6))/((-198)/27 + n) composite?
False
Suppose p = -u + 3 + 3, 4*p = 3*u - 11. Suppose 5*s + 20 = u*z, 0*z = 4*z - 3*s - 15. Suppose 12 + 9 = z*a. Is a a prime number?
True
Let o(j) = 512*j - 21. Let g be o(6). Is (-3 + 1)/((-9)/g*6) composite?
False
Let r = 13 + -9. Suppose 9*b = x + 6*b - 430, 0 = -r*x + 2*b + 1720. Let u = x - -211. Is u a prime number?
True
Suppose 5*t + 5*j - 25 = 0, -2*t - 4*j = -3*j - 9. Is (-123)/t*5360/(-60) prime?
False
Let w(c) = 2*c**3 - 14*c**2 + 5*c - 33. Let h be w(7). Suppose -5*i + h*u + 4873 = 0, 5*i - 2*u - 4857 = -4*u. Is i a prime number?
False
Let v(g) = -2*g + 2. Let n be v(-1). Let h be (n/((-12)/15))/((-2)/(-142)). Is h/(-3) + 1 + (-7)/21 a composite number?
True
Let m(t) = 155*t**2 + 5 - 534*t + 6 + 528*t. Is m(-6) prime?
False
Suppose -o = 2*v - 4*v - 2880, -4*o + 11540 = 2*v. Let f = o - -20839. Is f composite?
True
Let i be 21 - (-10)/12*-6. Suppose 9 = -3*y, -4*y - 2951 + i = -l. Is l a composite number?
True
Suppose 39*h = 41*h + 30. Let z be 354/((-2)/(20/h)). Suppose -r + 183 = -z. Is r composite?
False
Let y(z) = -752*z**2 - 4*z + 1. Let c(f) = -3009*f**2 - 18*f + 5. Let m(w) = 2*c(w) - 9*y(w). Is m(1) a prime number?
True
Let d be (-588)/(-8)*4/(-6). Let l = d + 47. Is 12/l*1535/(-10) prime?
False
Let a be (17 - 238/6)/(2/3*-1). Let c(w) = 20*w - 5. Let d be c(6). Suppose -29*x = -a*x + d. Is x a composite number?
False
Suppose 0 = 2*k + 5*p - 6029, 5*k + 21*p - 15088 = 24*p. Let n = 6686 - k. Is n composite?
True
Suppose 5*t + 93568 = 9*t - 138324. Is t a composite number?
False
Let w = 19252 + 58206. Is w a prime number?
False
Suppose 0 = -11*k - g + 2665218, 0 = -2*k + 52*g - 47*g + 484611. Is k a prime number?
False
Let r(q) = 363*q**2 - 3*q + 13. Suppose -71*b + 73*b - 6 = 0. Is r(b) a prime number?
True
Suppose -y + 5*b - 22 + 18 = 0, -4*y - 4*b + 32 = 0. Suppose y*l - 19426 = 32552. Is l prime?
True
Let n be (-16)/20*4635/6. Let v = -92 - n. Is v a prime number?
False
Let d(n) = -39*n**3 - 2*n**2 + n + 2. Let s be d(-1). Let v be ((-19)/s)/((-1)/16510). Suppose -4*u = -3*k - v, -2*u - 4*k + 2490 = -1632. Is u composite?
False
Suppose -12 = -11*i + 142. Suppose -10*l + i*l = 34208. Is (-1)/(-5) - (-5 + l/(-40)) a prime number?
False
Let v = -12785 - -18254. Suppose -s - 2*o = -v, 4*s - 21881 = -0*s - 3*o. Suppose -8*y + 10121 + s = 0. Is y prime?
True
Let k be (16/(-24))/(1 + (-105)/99). Suppose -k*v + 51916 = -5581. Is v prime?
True
Let u(i) = 181*i**2 - 667*i - 539. Is u(-50) a composite number?
False
Let j be (147257/22)/(1/2). Suppose -h + 2*h - 3340 = -3*b, -4*h + j = 3*b. Suppose -n = -h + 626. Is n a composite number?
True
Is (-84202)/(6 + -5 - 3) prime?
True
Let h = 15917 + 59502. Is h prime?
False
Let v(h) = -11*h**2 - 707*h + 19. Is v(-63) a prime number?
False
Let i(j) = 5*j**2 - 1. Suppose -4*q - l - 5 = -0, 0 = 5*l + 5. Let m be i(q). Suppose -m*u - 631 = -5*u. Is u a composite number?
False
Let k = 47 - -20. Let t = 104 - k. Is t composite?
False
Let o(g) = 6*g + 10.